{"id":1474,"date":"2020-08-26T19:13:19","date_gmt":"2020-08-26T19:13:19","guid":{"rendered":"http:\/\/neu.elbcity-recycling.de\/?page_id=1474"},"modified":"2024-09-04T21:16:57","modified_gmt":"2024-09-04T21:16:57","slug":"datenschutz","status":"publish","type":"page","link":"https:\/\/www.elbcity-recycling.de\/?page_id=1474","title":{"rendered":"Datenschutz"},"content":{"rendered":"\n<p>Ein Hauptaugenmerk liegt heute beim Datenschutz. Ob Privatperson oder Unternehmen, keiner m\u00f6chte das sensible Informationen erhalten bleiben, wenn Sie diese entsorgen. Wir bieten Ihnen hierzu zwei Varianten : <\/p>\n\n\n\n<ol class=\"wp-block-list\">\n<li>Resourcenschonend : Die <strong>zertifzierte und dauerhafte<\/strong> L\u00f6schung all Ihrer Daten und der R\u00fcckf\u00fchrung des Datentr\u00e4ger in den Wirtschaftskreislauf. <\/li>\n\n\n\n<li>Datentr\u00e4gervernichtung : Bei dieser L\u00f6sung wird der Datentr\u00e4ger geschreddert. Diese Methode ist zwar die schnellere aber ressourcenintensivere. <\/li>\n<\/ol>\n\n\n\n<p>Was der Kunde auch w\u00fcnscht, der Schutz Ihrer Daten hat selbstverst\u00e4ndlich oberste Priorit\u00e4t. <\/p>\n","protected":false},"excerpt":{"rendered":"<p>Sichere L\u00f6schung oder Vernichtung von Datentr\u00e4gern und Daten.<br \/>\nHier finden Sie weitere Informationen &#8230;<\/p>\n","protected":false},"author":1,"featured_media":1445,"parent":0,"menu_order":0,"comment_status":"closed","ping_status":"closed","template":"","meta":{"footnotes":""},"class_list":["post-1474","page","type-page","status-publish","has-post-thumbnail","hentry"],"yoast_head":"<!-- This site is optimized with the Yoast SEO plugin v27.5 - https:\/\/yoast.com\/product\/yoast-seo-wordpress\/ -->\n<title>Datenschutz - Elbcity Recycling GmbH<\/title>\n<meta name=\"robots\" content=\"index, follow, max-snippet:-1, max-image-preview:large, max-video-preview:-1\" \/>\n<link rel=\"canonical\" href=\"https:\/\/www.elbcity-recycling.de\/?page_id=1474\" \/>\n<meta property=\"og:locale\" content=\"de_DE\" \/>\n<meta property=\"og:type\" content=\"article\" \/>\n<meta property=\"og:title\" content=\"Datenschutz - Elbcity Recycling GmbH\" \/>\n<meta property=\"og:description\" content=\"Sichere L\u00f6schung oder Vernichtung von Datentr\u00e4gern und Daten. Hier finden Sie weitere Informationen ...\" \/>\n<meta property=\"og:url\" content=\"https:\/\/www.elbcity-recycling.de\/?page_id=1474\" \/>\n<meta property=\"og:site_name\" content=\"Elbcity Recycling GmbH\" \/>\n<meta property=\"article:publisher\" content=\"https:\/\/www.facebook.com\/ElbCityRecycling\" \/>\n<meta property=\"article:modified_time\" content=\"2024-09-04T21:16:57+00:00\" \/>\n<meta property=\"og:image\" content=\"https:\/\/www.elbcity-recycling.de\/wp-content\/uploads\/2020\/08\/patrick-lindenberg-1iVKwElWrPA-unsplash-1024x683-1.jpg\" \/>\n\t<meta property=\"og:image:width\" content=\"1024\" \/>\n\t<meta property=\"og:image:height\" content=\"683\" \/>\n\t<meta property=\"og:image:type\" content=\"image\/jpeg\" \/>\n<meta name=\"twitter:card\" content=\"summary_large_image\" \/>\n<meta name=\"twitter:label1\" content=\"Gesch\u00e4tzte Lesezeit\" \/>\n\t<meta name=\"twitter:data1\" content=\"1\u00a0Minute\" \/>\n<script type=\"application\/ld+json\" class=\"yoast-schema-graph\">{\"@context\":\"https:\\\/\\\/schema.org\",\"@graph\":[{\"@type\":\"WebPage\",\"@id\":\"https:\\\/\\\/www.elbcity-recycling.de\\\/?page_id=1474\",\"url\":\"https:\\\/\\\/www.elbcity-recycling.de\\\/?page_id=1474\",\"name\":\"Datenschutz - Elbcity Recycling GmbH\",\"isPartOf\":{\"@id\":\"https:\\\/\\\/www.elbcity-recycling.de\\\/#website\"},\"primaryImageOfPage\":{\"@id\":\"https:\\\/\\\/www.elbcity-recycling.de\\\/?page_id=1474#primaryimage\"},\"image\":{\"@id\":\"https:\\\/\\\/www.elbcity-recycling.de\\\/?page_id=1474#primaryimage\"},\"thumbnailUrl\":\"https:\\\/\\\/www.elbcity-recycling.de\\\/wp-content\\\/uploads\\\/2020\\\/08\\\/patrick-lindenberg-1iVKwElWrPA-unsplash-1024x683-1.jpg\",\"datePublished\":\"2020-08-26T19:13:19+00:00\",\"dateModified\":\"2024-09-04T21:16:57+00:00\",\"breadcrumb\":{\"@id\":\"https:\\\/\\\/www.elbcity-recycling.de\\\/?page_id=1474#breadcrumb\"},\"inLanguage\":\"de\",\"potentialAction\":[{\"@type\":\"ReadAction\",\"target\":[\"https:\\\/\\\/www.elbcity-recycling.de\\\/?page_id=1474\"]}]},{\"@type\":\"ImageObject\",\"inLanguage\":\"de\",\"@id\":\"https:\\\/\\\/www.elbcity-recycling.de\\\/?page_id=1474#primaryimage\",\"url\":\"https:\\\/\\\/www.elbcity-recycling.de\\\/wp-content\\\/uploads\\\/2020\\\/08\\\/patrick-lindenberg-1iVKwElWrPA-unsplash-1024x683-1.jpg\",\"contentUrl\":\"https:\\\/\\\/www.elbcity-recycling.de\\\/wp-content\\\/uploads\\\/2020\\\/08\\\/patrick-lindenberg-1iVKwElWrPA-unsplash-1024x683-1.jpg\",\"width\":1024,\"height\":683},{\"@type\":\"BreadcrumbList\",\"@id\":\"https:\\\/\\\/www.elbcity-recycling.de\\\/?page_id=1474#breadcrumb\",\"itemListElement\":[{\"@type\":\"ListItem\",\"position\":1,\"name\":\"Startseite\",\"item\":\"https:\\\/\\\/www.elbcity-recycling.de\\\/\"},{\"@type\":\"ListItem\",\"position\":2,\"name\":\"Datenschutz\"}]},{\"@type\":\"WebSite\",\"@id\":\"https:\\\/\\\/www.elbcity-recycling.de\\\/#website\",\"url\":\"https:\\\/\\\/www.elbcity-recycling.de\\\/\",\"name\":\"Elbcity Recycling\",\"description\":\"\",\"publisher\":{\"@id\":\"https:\\\/\\\/www.elbcity-recycling.de\\\/#organization\"},\"potentialAction\":[{\"@type\":\"SearchAction\",\"target\":{\"@type\":\"EntryPoint\",\"urlTemplate\":\"https:\\\/\\\/www.elbcity-recycling.de\\\/?s={search_term_string}\"},\"query-input\":{\"@type\":\"PropertyValueSpecification\",\"valueRequired\":true,\"valueName\":\"search_term_string\"}}],\"inLanguage\":\"de\"},{\"@type\":\"Organization\",\"@id\":\"https:\\\/\\\/www.elbcity-recycling.de\\\/#organization\",\"name\":\"ElbCity Recycling by Sven Hoffmann\",\"url\":\"https:\\\/\\\/www.elbcity-recycling.de\\\/\",\"logo\":{\"@type\":\"ImageObject\",\"inLanguage\":\"de\",\"@id\":\"https:\\\/\\\/www.elbcity-recycling.de\\\/#\\\/schema\\\/logo\\\/image\\\/\",\"url\":\"https:\\\/\\\/www.elbcity-recycling.de\\\/wp-content\\\/uploads\\\/2020\\\/08\\\/logo_elbcity_recycling_quer_klein-1.png\",\"contentUrl\":\"https:\\\/\\\/www.elbcity-recycling.de\\\/wp-content\\\/uploads\\\/2020\\\/08\\\/logo_elbcity_recycling_quer_klein-1.png\",\"width\":604,\"height\":162,\"caption\":\"ElbCity Recycling by Sven Hoffmann\"},\"image\":{\"@id\":\"https:\\\/\\\/www.elbcity-recycling.de\\\/#\\\/schema\\\/logo\\\/image\\\/\"},\"sameAs\":[\"https:\\\/\\\/www.facebook.com\\\/ElbCityRecycling\"]}]}<\/script>\n<!-- \/ Yoast SEO plugin. -->","yoast_head_json":{"title":"Datenschutz - Elbcity Recycling GmbH","robots":{"index":"index","follow":"follow","max-snippet":"max-snippet:-1","max-image-preview":"max-image-preview:large","max-video-preview":"max-video-preview:-1"},"canonical":"https:\/\/www.elbcity-recycling.de\/?page_id=1474","og_locale":"de_DE","og_type":"article","og_title":"Datenschutz - Elbcity Recycling GmbH","og_description":"Sichere L\u00f6schung oder Vernichtung von Datentr\u00e4gern und Daten. Hier finden Sie weitere Informationen ...","og_url":"https:\/\/www.elbcity-recycling.de\/?page_id=1474","og_site_name":"Elbcity Recycling GmbH","article_publisher":"https:\/\/www.facebook.com\/ElbCityRecycling","article_modified_time":"2024-09-04T21:16:57+00:00","og_image":[{"width":1024,"height":683,"url":"https:\/\/www.elbcity-recycling.de\/wp-content\/uploads\/2020\/08\/patrick-lindenberg-1iVKwElWrPA-unsplash-1024x683-1.jpg","type":"image\/jpeg"}],"twitter_card":"summary_large_image","twitter_misc":{"Gesch\u00e4tzte Lesezeit":"1\u00a0Minute"},"schema":{"@context":"https:\/\/schema.org","@graph":[{"@type":"WebPage","@id":"https:\/\/www.elbcity-recycling.de\/?page_id=1474","url":"https:\/\/www.elbcity-recycling.de\/?page_id=1474","name":"Datenschutz - Elbcity Recycling GmbH","isPartOf":{"@id":"https:\/\/www.elbcity-recycling.de\/#website"},"primaryImageOfPage":{"@id":"https:\/\/www.elbcity-recycling.de\/?page_id=1474#primaryimage"},"image":{"@id":"https:\/\/www.elbcity-recycling.de\/?page_id=1474#primaryimage"},"thumbnailUrl":"https:\/\/www.elbcity-recycling.de\/wp-content\/uploads\/2020\/08\/patrick-lindenberg-1iVKwElWrPA-unsplash-1024x683-1.jpg","datePublished":"2020-08-26T19:13:19+00:00","dateModified":"2024-09-04T21:16:57+00:00","breadcrumb":{"@id":"https:\/\/www.elbcity-recycling.de\/?page_id=1474#breadcrumb"},"inLanguage":"de","potentialAction":[{"@type":"ReadAction","target":["https:\/\/www.elbcity-recycling.de\/?page_id=1474"]}]},{"@type":"ImageObject","inLanguage":"de","@id":"https:\/\/www.elbcity-recycling.de\/?page_id=1474#primaryimage","url":"https:\/\/www.elbcity-recycling.de\/wp-content\/uploads\/2020\/08\/patrick-lindenberg-1iVKwElWrPA-unsplash-1024x683-1.jpg","contentUrl":"https:\/\/www.elbcity-recycling.de\/wp-content\/uploads\/2020\/08\/patrick-lindenberg-1iVKwElWrPA-unsplash-1024x683-1.jpg","width":1024,"height":683},{"@type":"BreadcrumbList","@id":"https:\/\/www.elbcity-recycling.de\/?page_id=1474#breadcrumb","itemListElement":[{"@type":"ListItem","position":1,"name":"Startseite","item":"https:\/\/www.elbcity-recycling.de\/"},{"@type":"ListItem","position":2,"name":"Datenschutz"}]},{"@type":"WebSite","@id":"https:\/\/www.elbcity-recycling.de\/#website","url":"https:\/\/www.elbcity-recycling.de\/","name":"Elbcity Recycling","description":"","publisher":{"@id":"https:\/\/www.elbcity-recycling.de\/#organization"},"potentialAction":[{"@type":"SearchAction","target":{"@type":"EntryPoint","urlTemplate":"https:\/\/www.elbcity-recycling.de\/?s={search_term_string}"},"query-input":{"@type":"PropertyValueSpecification","valueRequired":true,"valueName":"search_term_string"}}],"inLanguage":"de"},{"@type":"Organization","@id":"https:\/\/www.elbcity-recycling.de\/#organization","name":"ElbCity Recycling by Sven Hoffmann","url":"https:\/\/www.elbcity-recycling.de\/","logo":{"@type":"ImageObject","inLanguage":"de","@id":"https:\/\/www.elbcity-recycling.de\/#\/schema\/logo\/image\/","url":"https:\/\/www.elbcity-recycling.de\/wp-content\/uploads\/2020\/08\/logo_elbcity_recycling_quer_klein-1.png","contentUrl":"https:\/\/www.elbcity-recycling.de\/wp-content\/uploads\/2020\/08\/logo_elbcity_recycling_quer_klein-1.png","width":604,"height":162,"caption":"ElbCity Recycling by Sven Hoffmann"},"image":{"@id":"https:\/\/www.elbcity-recycling.de\/#\/schema\/logo\/image\/"},"sameAs":["https:\/\/www.facebook.com\/ElbCityRecycling"]}]}},"_links":{"self":[{"href":"https:\/\/www.elbcity-recycling.de\/index.php?rest_route=\/wp\/v2\/pages\/1474","targetHints":{"allow":["GET"]}}],"collection":[{"href":"https:\/\/www.elbcity-recycling.de\/index.php?rest_route=\/wp\/v2\/pages"}],"about":[{"href":"https:\/\/www.elbcity-recycling.de\/index.php?rest_route=\/wp\/v2\/types\/page"}],"author":[{"embeddable":true,"href":"https:\/\/www.elbcity-recycling.de\/index.php?rest_route=\/wp\/v2\/users\/1"}],"replies":[{"embeddable":true,"href":"https:\/\/www.elbcity-recycling.de\/index.php?rest_route=%2Fwp%2Fv2%2Fcomments&post=1474"}],"version-history":[{"count":2,"href":"https:\/\/www.elbcity-recycling.de\/index.php?rest_route=\/wp\/v2\/pages\/1474\/revisions"}],"predecessor-version":[{"id":1540,"href":"https:\/\/www.elbcity-recycling.de\/index.php?rest_route=\/wp\/v2\/pages\/1474\/revisions\/1540"}],"wp:featuredmedia":[{"embeddable":true,"href":"https:\/\/www.elbcity-recycling.de\/index.php?rest_route=\/wp\/v2\/media\/1445"}],"wp:attachment":[{"href":"https:\/\/www.elbcity-recycling.de\/index.php?rest_route=%2Fwp%2Fv2%2Fmedia&parent=1474"}],"curies":[{"name":"wp","href":"https:\/\/api.w.org\/{rel}","templated":true}]}}

<p>Ein Hauptaugenmerk liegt heute beim Datenschutz. Ob Privatperson oder Unternehmen, keiner möchte das sensible Informationen erhalten bleiben, wenn Sie diese entsorgen. Wir bieten Ihnen hierzu zwei Varianten : </p>



<ol class="wp-block-list">
<li>Resourcenschonend : Die <strong>zertifzierte und dauerhafte</strong> Löschung all Ihrer Daten und der Rückführung des Datenträger in den Wirtschaftskreislauf. </li>



<li>Datenträgervernichtung : Bei dieser Lösung wird der Datenträger geschreddert. Diese Methode ist zwar die schnellere aber ressourcenintensivere. </li>
</ol>



<p>Was der Kunde auch wünscht, der Schutz Ihrer Daten hat selbstverständlich oberste Priorität. </p>

<p>Sichere Löschung oder Vernichtung von Datenträgern und Daten.<br />
Hier finden Sie weitere Informationen &#8230;</p>

<!-- This site is optimized with the Yoast SEO plugin v27.5 - https://yoast.com/product/yoast-seo-wordpress/ -->
<title>Datenschutz - Elbcity Recycling GmbH</title>
<meta name="robots" content="index, follow, max-snippet:-1, max-image-preview:large, max-video-preview:-1" />
<link rel="canonical" href="https://www.elbcity-recycling.de/?page_id=1474" />
<meta property="og:locale" content="de_DE" />
<meta property="og:type" content="article" />
<meta property="og:title" content="Datenschutz - Elbcity Recycling GmbH" />
<meta property="og:description" content="Sichere Löschung oder Vernichtung von Datenträgern und Daten. Hier finden Sie weitere Informationen ..." />
<meta property="og:url" content="https://www.elbcity-recycling.de/?page_id=1474" />
<meta property="og:site_name" content="Elbcity Recycling GmbH" />
<meta property="article:publisher" content="https://www.facebook.com/ElbCityRecycling" />
<meta property="article:modified_time" content="2024-09-04T21:16:57+00:00" />
<meta property="og:image" content="https://www.elbcity-recycling.de/wp-content/uploads/2020/08/patrick-lindenberg-1iVKwElWrPA-unsplash-1024x683-1.jpg" />
	<meta property="og:image:width" content="1024" />
	<meta property="og:image:height" content="683" />
	<meta property="og:image:type" content="image/jpeg" />
<meta name="twitter:card" content="summary_large_image" />
<meta name="twitter:label1" content="Geschätzte Lesezeit" />
	<meta name="twitter:data1" content="1 Minute" />
<script type="application/ld+json" class="yoast-schema-graph">{"@context":"https:\/\/schema.org","@graph":[{"@type":"WebPage","@id":"https:\/\/www.elbcity-recycling.de\/?page_id=1474","url":"https:\/\/www.elbcity-recycling.de\/?page_id=1474","name":"Datenschutz - Elbcity Recycling GmbH","isPartOf":{"@id":"https:\/\/www.elbcity-recycling.de\/#website"},"primaryImageOfPage":{"@id":"https:\/\/www.elbcity-recycling.de\/?page_id=1474#primaryimage"},"image":{"@id":"https:\/\/www.elbcity-recycling.de\/?page_id=1474#primaryimage"},"thumbnailUrl":"https:\/\/www.elbcity-recycling.de\/wp-content\/uploads\/2020\/08\/patrick-lindenberg-1iVKwElWrPA-unsplash-1024x683-1.jpg","datePublished":"2020-08-26T19:13:19+00:00","dateModified":"2024-09-04T21:16:57+00:00","breadcrumb":{"@id":"https:\/\/www.elbcity-recycling.de\/?page_id=1474#breadcrumb"},"inLanguage":"de","potentialAction":[{"@type":"ReadAction","target":["https:\/\/www.elbcity-recycling.de\/?page_id=1474"]}]},{"@type":"ImageObject","inLanguage":"de","@id":"https:\/\/www.elbcity-recycling.de\/?page_id=1474#primaryimage","url":"https:\/\/www.elbcity-recycling.de\/wp-content\/uploads\/2020\/08\/patrick-lindenberg-1iVKwElWrPA-unsplash-1024x683-1.jpg","contentUrl":"https:\/\/www.elbcity-recycling.de\/wp-content\/uploads\/2020\/08\/patrick-lindenberg-1iVKwElWrPA-unsplash-1024x683-1.jpg","width":1024,"height":683},{"@type":"BreadcrumbList","@id":"https:\/\/www.elbcity-recycling.de\/?page_id=1474#breadcrumb","itemListElement":[{"@type":"ListItem","position":1,"name":"Startseite","item":"https:\/\/www.elbcity-recycling.de\/"},{"@type":"ListItem","position":2,"name":"Datenschutz"}]},{"@type":"WebSite","@id":"https:\/\/www.elbcity-recycling.de\/#website","url":"https:\/\/www.elbcity-recycling.de\/","name":"Elbcity Recycling","description":"","publisher":{"@id":"https:\/\/www.elbcity-recycling.de\/#organization"},"potentialAction":[{"@type":"SearchAction","target":{"@type":"EntryPoint","urlTemplate":"https:\/\/www.elbcity-recycling.de\/?s={search_term_string}"},"query-input":{"@type":"PropertyValueSpecification","valueRequired":true,"valueName":"search_term_string"}}],"inLanguage":"de"},{"@type":"Organization","@id":"https:\/\/www.elbcity-recycling.de\/#organization","name":"ElbCity Recycling by Sven Hoffmann","url":"https:\/\/www.elbcity-recycling.de\/","logo":{"@type":"ImageObject","inLanguage":"de","@id":"https:\/\/www.elbcity-recycling.de\/#\/schema\/logo\/image\/","url":"https:\/\/www.elbcity-recycling.de\/wp-content\/uploads\/2020\/08\/logo_elbcity_recycling_quer_klein-1.png","contentUrl":"https:\/\/www.elbcity-recycling.de\/wp-content\/uploads\/2020\/08\/logo_elbcity_recycling_quer_klein-1.png","width":604,"height":162,"caption":"ElbCity Recycling by Sven Hoffmann"},"image":{"@id":"https:\/\/www.elbcity-recycling.de\/#\/schema\/logo\/image\/"},"sameAs":["https:\/\/www.facebook.com\/ElbCityRecycling"]}]}</script>
<!-- / Yoast SEO plugin. -->

Sichere Löschung oder Vernichtung von Datenträgern und Daten. Hier finden Sie weitere Informationen ...
